 the tens digit of 1 + (3 + -30)*-3?
8
Let d(s) = -s**3 - 6*s**2 + 5. Let c be d(-6). Suppose 0 = g - 0*u + 5*u - 8, -5*g = c*u - 80. What is the units digit of g?
8
Let v(q) = -2*q**3 - q**2 + 3*q - 2. What is the units digit of v(-3)?
4
Let m(w) = -2*w - 5. Let n be m(-4). Suppose -t = -5*z - 26, -2*t = 3*z - n + 16. Suppose 3*u + 3 = 2*s + 4*u, u - t = 0. What is the units digit of s?
1
Let z be (4/10)/(3/15). Suppose z*r + 2*c - 52 = 0, -c = 2*c + 6. What is the units digit of r?
8
Suppose -3*b = -f - 143, 6*b + 2*f = b + 220. What is the units digit of b?
6
Let m = -1 - 5. Let a = m - -19. What is the tens digit of a?
1
Let o = 38 - 58. What is the units digit of (48/o)/(6/(-20))?
8
Let b(y) = -10*y + 1. Let h(c) = 8*c**2 - c. Let f be h(1). Let j = -8 + f. What is the tens digit of b(j)?
1
Let b be (-1)/3 - (-100)/(-15). Let h be (-2)/b + 362/7. Suppose h = -t + 5*t. What is the units digit of t?
3
What is the tens digit of 260/1 + (9 - 7)?
6
Let m(k) = 53*k**2 + 1. What is the units digit of m(1)?
4
Let b(v) = 26*v - 10. What is the tens digit of b(1)?
1
Let v(n) = -n**3 + 3*n**2 + 5. What is the tens digit of v(-3)?
5
Let t(w) be the second derivative of w**3/6 - w. Suppose 0*h - 3*h = -15. What is the units digit of t(h)?
5
Suppose 4*z = 2*z + 2. Let n be 1 + (0 - z - 18). What is the units digit of 4/n + (-40)/(-18)?
2
Let v(f) = f**3 + 8*f**2 + 5*f - 9. Let x be v(-7). Suppose -2*o - 2*o - 112 = -4*p, 3*p = -x*o + 44. What is the units digit of p?
3
Let d = 4 + 0. Suppose 63 = d*h + 11. What is the units digit of h?
3
Let j(a) = a**2 + a - 4. Suppose 4*i - 11 = g, 2*i + 3 = 3*g + 6. What is the units digit of j(i)?
8
Suppose 4*c = -2*n + 378, c = n + 2*c - 191. What is the tens digit of n?
9
Let j(v) = 9*v + 4. What is the tens digit of j(4)?
4
Suppose -4*c + 202 = -5*o, 0*c + 134 = 3*c + 5*o. What is the units digit of c?
8
Suppose -88 = -2*k + 3*o, 3*o + 202 = 5*k - 0*o. What is the tens digit of k?
3
Suppose -d - 22 = -n + 80, -5*d = -4*n + 410. Suppose 5*h + 5*k - n = 0, -104 = -5*h + k - 2*k. Let q = 32 - h. What is the units digit of q?
1
Let a(i) = i**3 - 3*i**2 - 4*i - 2. Let x be a(4). Let c(y) = -y**3 - y. What is the units digit of c(x)?
0
What is the units digit of (-4)/10*(6 - 16)?
4
Suppose -8*l + 4*l + 4 = 0. Let a be (-1)/l*(-54)/2. Let k = a - 18. What is the units digit of k?
9
Let z = -59 + 104. What is the tens digit of z?
4
Let u = -35 - -58. Suppose -u = -3*i - 8. What is the units digit of 66/i + 1/(-5)?
3
Let b = 5 + -7. What is the units digit of b + -1 + 5 + 7?
9
Suppose 0 = 3*a + l - 220 + 22, 0 = -5*a - 4*l + 330. What is the units digit of a?
6
Suppose -5*x = -5*n + 275, 0*n + 110 = 2*n + x. What is the tens digit of n?
5
Suppose 0*u + 3*x + 1374 = 5*u, 2*x = -u + 267. What is the units digit of u?
3
Let j be 2/(-2)*6/(-2). Let a be 1*(-2)/4*-12. Let u = a - j. What is the units digit of u?
3
Let a be (-4)/((-3 - -1)/(-2)). What is the units digit of (24/(-10))/(a/20)?
2
Let c = -7 - -17. Let q = c - -6. What is the tens digit of q?
1
Suppose 3*f = 6*f - 12. Suppose -m + 7 = -f*m - 5*w, 4*w + 26 = m. What is the units digit of m?
6
Let z = 204 + -86. What is the hundreds digit of z?
1
Let j = 4 + -6. What is the units digit of (-17 - j)*(-1)/3?
5
Let i be 4/10 - 94/10. Let n = 18 + 0. What is the units digit of 4/n - 79/i?
9
What is the tens digit of ((-172)/(-4) - -3) + -4?
4
Suppose 0 = -3*y - 2*m + 47, -3*y - 12 = -4*y + 3*m. What is the tens digit of y?
1
What is the units digit of ((-1)/3)/((-7)/2163)?
3
Let g(b) = 32*b**3 - 4*b**2 + 5*b - 5. What is the tens digit of g(2)?
4
Let v(u) = 9*u**3 + 15*u**2 - 28*u - 33. Let x(h) = -4*h**3 - 8*h**2 + 14*h + 16. Let q(i) = -3*v(i) - 7*x(i). What is the tens digit of q(-12)?
1
What is the hundreds digit of 8/(-16)*-86*3?
1
Let g(a) = 2*a + 12 + 3*a - 4*a. Let h be g(-12). Suppose -4*s + h*s = -48. What is the units digit of s?
2
Let r(i) = 2 - 3*i**2 + 2*i**2 + i + 2*i**2. What is the units digit of r(-3)?
8
Let m = -345 + 531. What is the units digit of m?
6
Let m(o) = o**2 + 2*o + 3. Let u be m(-2). Let a be (5/u)/(5/(-30)). Let w = 14 + a. What is the units digit of w?
4
Let y(n) = -n**2. Let g be y(-2). Let h(j) = j**2 - 4*j + 2. What is the units digit of h(g)?
4
Let q(d) = -6*d**3 + d**2 + 6*d - 11. Let w(s) = -3*s**3 - 2*s**3 - 6 + 5*s + s**2 - 3 - 1. Let i(k) = 6*q(k) - 7*w(k). What is the units digit of i(0)?
4
Let w be 1*(1 - (-3 - -1)). Let i = 27 + -23. Suppose -3*g - 38 = -5*u, w*u + i*g - 18 = g. What is the units digit of u?
7
Let l be (3/4)/((-6)/(-240)). Suppose -2*f + 0*m = 2*m - 40, 4*m + l = f. What is the units digit of f?
2
Suppose h - 3 = -0. Let b(i) = 13*i. Let y be b(1). Suppose -h = -4*j + y. What is the units digit of j?
4
Let a(q) be the third derivative of q**6/120 + q**5/20 - q**4/24 - q**3/6 - q**2. What is the tens digit of a(2)?
1
Suppose -4*b - 24 = 3*g - 7*g, 2 = g + b. What is the units digit of g?
4
Let j = 4 + 11. What is the units digit of j?
5
Suppose 4 + 15 = k. Suppose 195 = -14*b + k*b. What is the units digit of b?
9
Let z = -8 + 11. Let f be (-3 + 30)/z - -2. Suppose -s - 1 = -f. What is the units digit of s?
0
Let c(b) = -b**2 + 13*b - 8. What is the units digit of c(9)?
8
Let k(p) = -2*p**3 - 9*p**2 + 11*p - 7. Let n(l) = -3*l**3 - 9*l**2 + 12*l - 8. Let o(a) = -4*k(a) + 3*n(a). What is the units digit of o(8)?
4
Let y(c) = -12*c**3 - 2*c**2 - 2*c - 1. Let l be y(-1). Suppose -44 = 5*d + l. What is the units digit of (1 - 0)*(-2 - d)?
9
Let v(w) = -w**3 + 8*w**2. Let y be v(8). Suppose 3*g - 4*m - 10 = y, 3*g = 4*g - 3*m. What is the units digit of g?
6
Let b(t) = -t**3 + 5*t**2 + t - 3. Let x be b(5). Let z = 5 - x. Suppose z*i = 4*q + 55, -3*i + 26 = -2*q - 27. What is the tens digit of i?
1
Let i = 6 - 8. What is the units digit of -1*(-6 - i - -1)?
3
What is the tens digit of 1158/9 - (-10)/(-15)?
2
Let m(b) = 12*b + 48. What is the hundreds digit of m(16)?
2
Let g be 16 - (4 - (-1)/(-1)). Let m = -10 + g. What is the units digit of m?
3
Let f be (-2 + 1)/((-4)/12). What is the units digit of (-8)/((-9)/f - -1)?
4
Suppose -4*w = 4*k + 64, 4*k = k + 6. Let l = w + 30. What is the units digit of (0 - -12)*6/l?
6
Suppose -10 = 4*d + 22. Let l(x) = -x**3 - 6*x**2 + 9*x - 3. What is the tens digit of l(d)?
5
Let p be (1 - 2) + 2 + 2. Suppose p*o - 5*z = -3*z + 149, -2*o = -4*z - 110. What is the tens digit of o?
4
Suppose -392 = -12*d + 964. What is the hundreds digit of d?
1
Let m = -11 + 15. Suppose m*d = -0*d + 20, 0 = -4*n - 2*d + 50. What is the tens digit of n?
1
Suppose -d + 4 = 2. Suppose -3*r = d*r + 40. What is the units digit of 3/(-3) - r - 0?
7
Suppose -4*t - t - 5 = 0. Let f = t - -2. What is the units digit of f?
1
Let x(h) = -h**2 - 9*h + 14. What is the units digit of x(-10)?
4
Suppose -3*u = -6*u - 5*s + 32, -3*u + 28 = 4*s. Suppose r - 2*r + 5*d = 18, u*r + 50 = -2*d. Let a = r - -21. What is the units digit of a?
8
Suppose 2*m + 1 = 29. Suppose 3*f + 0*f = -2*b + 11, -4*b + m = -2*f. What is the units digit of f?
1
Let f(b) = -b + 2. Let i be f(-2). Suppose x = i*x - 33. What is the units digit of x?
1
Let r(q) = -q**3 - 3*q**2 - 6*q - 1. What is the units digit of r(-4)?
9
Suppose 10*f = 5*f + 80. Let x be ((-6)/(-4))/(12/f). What is the units digit of 0 + (1 - -7*x)?
5
Suppose 0 + 14 = q. Suppose 0 = c - 2. What is the units digit of c/7 - (-150)/q?
1
Let n be 2/(-5) - (-358)/(-5). Let r = -34 - n. Suppose u = 2*q - 2, -3*q + 17 = 5*u - r. What is the units digit of u?
8
Suppose 4*t + 2*t = 0. Suppose t = -0*m + 2*m - 112. What is the units digit of m?
6
Let j be (348/(-8))/(3/4). Let k = 82 + j. Let f = k + -16. What is the units digit of f?
8
Let t(x) = 3*x + 9. Let w be t(-7). Let s = w + 24. What is the units digit of (s/(-6))/((-1)/9)?
8
Let l be 1/(-3) - 14/(-6). Suppose -l*r + 3*a + 3 = -39, -3*r + 63 = 5*a. Let x = r - 1. What is the tens digit of x?
2
Let g = 150 - 69. What is the units digit of (-4)/(-18) + 711/g?
9
Suppose 0 = 4*r - 4*n, 2*r + 5*n = -r. Let a = r + 13. What is the tens digit of a?
1
Let f(m) = m + 3. Let y(l) = l + 6. Let i(z) = 5*f(z) - 2*y(z). Let v be i(-3). Let k(u) = -u**3 - 5*u**2 + 4*u - 5. What is the units digit of k(v)?
7
Suppose -i - 89 - 44 = -